-42404140
In base 12, what is 1 + -12519b8?
-12519b7
In base 5, what is -2230011433 + 2?
-2230011431
In base 15, what is d1852 - -126?
d1978
In base 7, what is -5 - -510644?
510636
In base 2, what is 11001000000 - 100000000101?
-111000101
In base 8, what is 26330253 + 3?
26330256
In base 4, what is -3000010213 + -113?
-3000010332
In base 13, what is 1 + 17a87b48?
17a87b49
In base 14, what is b514 + d92?
c4a6
In base 10, what is -145190 - 1334?
-146524
In base 10, what is 3664871 - -22?
3664893
In base 11, what is 15933 - 488?
15456
In base 2, what is 10110100100100 - 100011100111?
10010000111101
In base 16, what is 279bff - 5?
279bfa
In base 7, what is 20213023 - 10?
20213013
In base 15, what is 18b2c5 - -3?
18b2c8
In base 5, what is 12 - -30030040?
30030102
In base 11, what is -52a715 - -25?
-52a6a0
In base 16, what is 22a2 - e32?
1470
In base 12, what is -195974460 - 1?
-195974461
In base 8, what is -115022 - -5253?
-107547
In base 9, what is 385470403 - -3?
385470406
In base 12, what is 4 - -801977?
80197b
In base 14, what is -230b11 + 4?
-230b0b
In base 6, what is -1 + 4331552231?
4331552230
In base 7, what is 131542451 - -5?
131542456
In base 7, what is 3 + 65400426?
65400432
In base 16, what is 247 - 1f54?
-1d0d
In base 12, what is 73a + 1a2626?
1a3164
In base 13, what is -3290953 - 2?
-3290955
In base 6, what is 13123 + -104014?
-50451
In base 14, what is 2a5a4b58 + -2?
2a5a4b56
In base 5, what is -3234123 + -33443?
-3323121
In base 9, what is 7723 - 544?
7168
In base 8, what is 4057566440 + -4?
4057566434
In base 15, what is -33aa - -eb02?
b747
In base 3, what is 111 - 20000210112002?
-20000210111121
In base 12, what is -69a9 - 1209b?
-18a88
In base 2, what is 10 - -100000101100100011001?
100000101100100011011
In base 2, what is -1011110111111010011 - -100010?
-1011110111110110001
In base 11, what is 280304158 + 2?
28030415a
In base 5, what is 3103 - 130124?
-122021
In base 3, what is -11 - -11020122200201?
11020122200120
In base 11, what is 11a561828 - -3?
11a561830
In base 4, what is 31102 + 113112010?
113203112
In base 7, what is 310 - -34612600?
34613210
In base 16, what is -31ae6d + 2c?
-31ae41
In base 4, what is -30001 + 210322233?
210232232
In base 14, what is -2 - -a66891d?
a66891b
In base 11, what is -232 + -17022?
-17254
In base 15, what is cd120 + -5?
cd11a
In base 15, what is -4a58 + 7575?
2a1c
In base 15, what is c8699 - -56?
c8700
In base 4, what is 3303320 + 1110200?
11020120
In base 16, what is 1f - -1382f4?
138313
In base 12, what is 3a - -51740a?
517448
In base 9, what is 11 - -36875154?
36875165
In base 7, what is 22 + 4103404?
4103426
In base 3, what is -12221 + -10010210001?
-10010222222
In base 8, what is -1016772 - 16?
-1017010
In base 6, what is 0 + 20115355255?
20115355255
In base 5, what is -412030022 - 4?
-412030031
In base 5, what is -20042423 - 21?
-20042444
In base 8, what is -1675701704 - 1?
-1675701705
In base 9, what is -454523 - -1412?
-453111
In base 12, what is 6a40b75a + 1?
6a40b75b
In base 3, what is -102212210 - 111010?
-110100220
In base 9, what is -367 + 566508?
566131
In base 3, what is 11111001000 + 121121?
11111122121
In base 4, what is -232302213 + 3310?
-232232303
In base 2, what is -100 + -1001010001001001001100110?
-1001010001001001001101010
In base 16, what is -7 + 63b2d?
63b26
In base 3, what is -101200 - 1100212122?
-1101021022
In base 2, what is -11101000 + 10010000010101?
10001100101101
In base 3, what is 11102111101221 + 221?
11102111102212
In base 14, what is 28a - -732b?
75b7
In base 6, what is -5 + 5450525130?
5450525121
In base 3, what is 1022211201122022012 + 0?
1022211201122022012
In base 8, what is -30474075 + 6?
-30474067
In base 16, what is 18a68b - 2?
18a689
In base 5, what is -1333033 - -321?
-1332212
In base 16, what is -1a89ea - -2?
-1a89e8
In base 10, what is 6651151 + -4?
6651147
In base 15, what is 482 - 5ec?
-16a
In base 12, what is 5 + 882455?
88245a
In base 6, what is -4 - -14050444134?
14050444130
In base 3, what is -2210001 + 2211122?
1121
In base 14, what is -205588 - -10?
-205578
In base 12, what is a263 - 943?
9520
In base 8, what is 14 - -22563262?
22563276
In base 7, what is -2033 - -1325615?
1323552
In base 10, what is -5 - -688819?
688814
In base 14, what is -5b27 + 590?
-5577
In base 3, what is -12 + 111021212201120?
111021212201101
In base 15, what is -1 - -569cd?
569cc
In base 2, what is 101100 + 1011001001101010010110?
1011001001101011000010
In base 13, what is -9334 - -aa18?
16b4
In base 10, what is -11872 - 1706?
-13578
In base 4, what is -1032122120 - -3210?
-1032112310
In base 12, what is -29a63 - 1259?
-2b100
In base 16, what is -49 + -72071?
-720ba
In base 7, what is 4320252 - -214?
4320466
In base 12, what is -202 + 7780?
757a
In base 9, what is -61 - -178014?
177843
In base 14, what is 94 + 3a5ad6?
3a5b8a
In base 15, what is 576c58 - 7?
576c51
In base 10, what is -3 - 8623821?
-8623824
In base 12, what is -655 - -2616b?
25716
In base 14, what is -1 - -444474?
444473
In base 2, what is -11101000111011000110 - -101101111?
-11101000110101010111
In base 2, what is 1010100011 - 100000001110100100?
-100000000100000001
In base 12, what is 103470 - -2b?
10349b
In base 16, what is 85 + 320a55?
320ada
In base 13, what is -91738 + 341?
-913c7
In base 10, what is 1494 - -171?
1665
In base 14, what is 10085 - 735?
d750
In base 2, what is -100 - -10111101011101100011100001?
10111101011101100011011101
In base 9, what is 20 - 1453804?
-1453774
In base 7, what is 62151 - -1055?
63236
In base 5, what is 331 + -3313301?
-3312420
In base 11, what is -1439 - 4473?
-5901
In base 14, what is 535d + -1da5?
3398
In base 14, what is -4 - -10bb0?
10baa
In base 8, what is 565421 + 2650?
570271
In base 8, what is -1416 + -402067?
-403505
In base 14, what is 96 + 34872?
34928
In base 10, what is -28 - 3432?
-3460
In base 5, what is 10 - 1201011033300?
-1201011033240
In base 14, what is b4c + 4c9?
1237
In base 8, what is -46714 - 731?
-47645
In base 11, what is -5 - -3145200?
31451a6
In base 8, what is -411 + -753067?
-753500
In base 15, what is -5 + 328d1d4?
328d1ce
In base 13, what is 100 - -1146a8?
1147a8
In base 13, what is -5c08 + -a63?
-696b
In base 13, what is -34049 + 26?
-34023
In base 12, what is -3a + -154339?
-154377
In base 16, what is -11799e4 + -4?
-11799e8
In base 3, what is 22002010012 + -10102?
22001222210
In base 10, what is -1 - -1586143?
1586142
In base 6, what is 4 - -112044121?
112044125
In base 12, what is 3012406 + 0?
3012406
In base 14, what is 322b8 + 3c7?
326a1
In base 11, what is a17 - -238206?
239122
In base 16, what is -4 + -4ac072a?
-4ac072e
In base 14, what is 165dda5 + -4?
165dda1
In base 15, what is d029 + 11e?
d148
In base 9, what is -164560611 - 2?
-164560613
In base 16, what is -97867 + 6d?
-977fa
In base 3, what is -202 - -2122101120200200?
2122101120122221
In base 15, what is -3a6cd3 - -2?
-3a6cd1
In base 9, what is -5 - -8720241?
8720235
In base 12, what is -aa475a + 38?
-aa4722
In base 5, what is -411031210244 - -1?
-411031210243
In base 7, what is -13 - -5440335?
5440322
In base 2, what is -11 + 110001011001001110010010?
110001011001001110001111
In base 12, what is 184033b - -2?
1840341
In base 2, what is -111001100 - 11000101100101100?
-11000110011111000
In base 13, what is 564b + -7a?
55a1
In base 11, what is 22764 + 359?
23012
In base 15, what is 3 + 4a22bce?
4a22bd2
In base 5, what is -44320 + -340433?
-440303
In base 5, what is -211424123 - -11?
-211424112
In base 16, what is -1 - -8011b?
8011a
In base 9, what is -210783 - 635?
-211528
In base 6, what is -12 - 41032520?
-41032532
In base 3, what is -21012121220012 + 2?
-21012121220010
In base 11, what is -85 - 419898a?
-4198a64
In base 11, what is -82 + -205a0?
-20672
In base 8, what is 1115 - -146565?
147702
In base 12, what is 681 - 486?
1b7
In base 11, what is 4 + 1710593?
1710597
In base 10, what is 1127 - 43904?
-42777
In base 15, what is -346a - -1436?
-2034
In base 6, what is -421 - -2524102?
2523241
In base 8, what is -1501 + -2006?
-3507
In base 6, what is 201253 - 110?
201143
In base 8, what is 14451 - 3305?
11144
In base 15, what is 1 - -be7966?
be7967
In base 10, what is -106 + 1955981?
1955875
In base 14, what is -7 + -11aa6c5d?
-11aa6c66
In base 13, what is 